{"id":8310,"date":"2016-09-20T07:16:45","date_gmt":"2016-09-20T07:16:45","guid":{"rendered":"http:\/\/ld-wp.template-help.com\/wordpress_62222_default-sample\/?page_id=1214"},"modified":"2021-05-10T15:36:00","modified_gmt":"2021-05-10T15:36:00","slug":"quienes-somos","status":"publish","type":"page","link":"https:\/\/infopediatria.net\/ibp\/quienes-somos\/","title":{"rendered":"Quienes Somos"},"content":{"rendered":"\t\t<div data-elementor-type=\"wp-post\" data-elementor-id=\"8310\" class=\"elementor elementor-8310\" data-elementor-settings=\"[]\">\n\t\t\t\t\t\t<div class=\"elementor-inner\">\n\t\t\t\t\t\t\t<div class=\"elementor-section-wrap\">\n\t\t\t\t\t\t\t<section class=\"elementor-section elementor-top-section elementor-element elementor-element-chkmig7 elementor-section-full_width elementor-section-height-default elementor-section-height-default\" data-id=\"chkmig7\" data-element_type=\"section\">\n\t\t\t\t\t\t<div class=\"elementor-container elementor-column-gap-no\">\n\t\t\t\t\t\t\t<div class=\"elementor-row\">\n\t\t\t\t\t<div class=\"elementor-column elementor-col-66 elementor-top-column elementor-element elementor-element-zsgkzu2\" data-id=\"zsgkzu2\" data-element_type=\"column\" data-settings=\"{&quot;background_background&quot;:&quot;classic&quot;}\">\n\t\t\t<div class=\"elementor-column-wrap elementor-element-populated\">\n\t\t\t\t\t\t\t<div class=\"elementor-widget-wrap\">\n\t\t\t\t\t\t<div class=\"elementor-element elementor-element-gpqnv4k elementor-widget elementor-widget-spacer\" data-id=\"gpqnv4k\" data-element_type=\"widget\" data-widget_type=\"spacer.default\">\n\t\t\t\t<div class=\"elementor-widget-container\">\n\t\t\t\t\t<div class=\"elementor-spacer\">\n\t\t\t<div class=\"elementor-spacer-inner\"><\/div>\n\t\t<\/div>\n\t\t\t\t<\/div>\n\t\t\t\t<\/div>\n\t\t\t\t\t\t<\/div>\n\t\t\t\t\t<\/div>\n\t\t<\/div>\n\t\t\t\t<div class=\"elementor-column elementor-col-33 elementor-top-column elementor-element elementor-element-dv8ccp2\" data-id=\"dv8ccp2\" data-element_type=\"column\" data-settings=\"{&quot;background_background&quot;:&quot;gradient&quot;}\">\n\t\t\t<div class=\"elementor-column-wrap elementor-element-populated\">\n\t\t\t\t\t\t\t<div class=\"elementor-widget-wrap\">\n\t\t\t\t\t\t<div class=\"elementor-element elementor-element-68hxoq1 elementor-widget elementor-widget-heading\" data-id=\"68hxoq1\" data-element_type=\"widget\" data-widget_type=\"heading.default\">\n\t\t\t\t<div class=\"elementor-widget-container\">\n\t\t\t<h1 class=\"elementor-heading-title elementor-size-default\">Uno de los mejores centros<\/h1>\t\t<\/div>\n\t\t\t\t<\/div>\n\t\t\t\t<div class=\"elementor-element elementor-element-h0ztfzi elementor-widget elementor-widget-heading\" data-id=\"h0ztfzi\" data-element_type=\"widget\" data-widget_type=\"heading.default\">\n\t\t\t\t<div class=\"elementor-widget-container\">\n\t\t\t<h1 class=\"elementor-heading-title elementor-size-default\">de pediatr\u00eda de Mallorca<\/h1>\t\t<\/div>\n\t\t\t\t<\/div>\n\t\t\t\t<div class=\"elementor-element elementor-element-wraou0l elementor-widget elementor-widget-heading\" data-id=\"wraou0l\" data-element_type=\"widget\" data-widget_type=\"heading.default\">\n\t\t\t\t<div class=\"elementor-widget-container\">\n\t\t\t<h3 class=\"elementor-heading-title elementor-size-default\">Nuestra experiencia y nuestros  cientos de pacientes nos avalan<\/h3>\t\t<\/div>\n\t\t\t\t<\/div>\n\t\t\t\t\t\t<\/div>\n\t\t\t\t\t<\/div>\n\t\t<\/div>\n\t\t\t\t\t\t\t\t<\/div>\n\t\t\t\t\t<\/div>\n\t\t<\/section>\n\t\t\t\t<section class=\"elementor-section elementor-top-section elementor-element elementor-element-dd499b8 elementor-section-boxed elementor-section-height-default elementor-section-height-default\" data-id=\"dd499b8\" data-element_type=\"section\">\n\t\t\t\t\t\t<div class=\"elementor-container elementor-column-gap-default\">\n\t\t\t\t\t\t\t<div class=\"elementor-row\">\n\t\t\t\t\t<div class=\"elementor-column elementor-col-100 elementor-top-column elementor-element elementor-element-b88c756\" data-id=\"b88c756\" data-element_type=\"column\">\n\t\t\t<div class=\"elementor-column-wrap elementor-element-populated\">\n\t\t\t\t\t\t\t<div class=\"elementor-widget-wrap\">\n\t\t\t\t\t\t<div class=\"elementor-element elementor-element-qkijsss elementor-widget elementor-widget-heading\" data-id=\"qkijsss\" data-element_type=\"widget\" data-widget_type=\"heading.default\">\n\t\t\t\t<div class=\"elementor-widget-container\">\n\t\t\t<h3 class=\"elementor-heading-title elementor-size-default\">\u00bfPor qu\u00e9 elegir el Instituto Balear de Pediatr\u00eda?<\/h3>\t\t<\/div>\n\t\t\t\t<\/div>\n\t\t\t\t<section class=\"elementor-section elementor-inner-section elementor-element elementor-element-7gvanny elementor-section-boxed elementor-section-height-default elementor-section-height-default\" data-id=\"7gvanny\" data-element_type=\"section\">\n\t\t\t\t\t\t<div class=\"elementor-container elementor-column-gap-no\">\n\t\t\t\t\t\t\t<div class=\"elementor-row\">\n\t\t\t\t\t<div class=\"elementor-column elementor-col-100 elementor-inner-column elementor-element elementor-element-mwo7ppn\" data-id=\"mwo7ppn\" data-element_type=\"column\">\n\t\t\t<div class=\"elementor-column-wrap elementor-element-populated\">\n\t\t\t\t\t\t\t<div class=\"elementor-widget-wrap\">\n\t\t\t\t\t\t<div class=\"elementor-element elementor-element-eekaljk elementor-widget-divider--view-line elementor-widget elementor-widget-divider\" data-id=\"eekaljk\" data-element_type=\"widget\" data-widget_type=\"divider.default\">\n\t\t\t\t<div class=\"elementor-widget-container\">\n\t\t\t\t\t<div class=\"elementor-divider\">\n\t\t\t<span class=\"elementor-divider-separator\">\n\t\t\t\t\t\t<\/span>\n\t\t<\/div>\n\t\t\t\t<\/div>\n\t\t\t\t<\/div>\n\t\t\t\t<div class=\"elementor-element elementor-element-1ku8vid elementor-widget elementor-widget-heading\" data-id=\"1ku8vid\" data-element_type=\"widget\" data-widget_type=\"heading.default\">\n\t\t\t\t<div class=\"elementor-widget-container\">\n\t\t\t<h5 class=\"elementor-heading-title elementor-size-default\">Proporcionamos atenci\u00f3n m\u00e9dica de la m\u00e1s alta calidad, tratamiento individualizado por m\u00e9dicos expertos y en el menor tiempo posible. <\/h5>\t\t<\/div>\n\t\t\t\t<\/div>\n\t\t\t\t<div class=\"elementor-element elementor-element-sx54kaz elementor-widget elementor-widget-text-editor\" data-id=\"sx54kaz\" data-element_type=\"widget\" data-widget_type=\"text-editor.default\">\n\t\t\t\t<div class=\"elementor-widget-container\">\n\t\t\t\t\t\t\t\t<div class=\"elementor-text-editor elementor-clearfix\">\n\t\t\t\t<p>El <strong>Instituto Balear de Pediatr\u00eda<\/strong> abre sus puertas el 16 de octubre del a\u00f1o 2006 en la Plaza del Olivar, n\u00famero 1, de Palma. El centro ofrece una atenci\u00f3n m\u00e9dica con los niveles de calidad m\u00e1s altos a nuestra poblaci\u00f3n infantil. Por ello, se ha incorporado un cuadro de prestigiosos profesionales que contribuyen al empe\u00f1o de prestar unos cuidados modernos y con los \u00faltimos conocimientos en cada campo de actuaci\u00f3n, y que ir\u00e1 creciendo en el futuro.<\/p><p>\u00c9sta es una p\u00e1gina web de informaci\u00f3n general. El listado de la izquierda ofrece respuestas a preguntas frecuentes sobre los temas m\u00e1s habituales en la pr\u00e1ctica pedi\u00e1trica diaria. Este apartado est\u00e1 abierto y pueden dirigirnos sugerencias a nuestro correo electr\u00f3nico. Poco a poco las iremos incluyendo en la lista si son consideradas de inter\u00e9s general.<\/p><p>Es quiz\u00e1 m\u00e1s sencillo decir lo que NO es esta p\u00e1gina web. NO PRETENDE SER UNA AYUDA PARA EL AUTODIAGN\u00d3STICO O EL AUTOTRATAMIENTO. S\u00f3lo aporta informaci\u00f3n general que pueda ser \u00fatil. LES RECOMENDAMOS ENCARECIDAMENTE QUE ANTE CUALQUIER S\u00cdNTOMA RELEVANTE LLEVEN A SUS HIJOS A SU PEDIATRA O A UN SERVICIO DE URGENCIAS.<\/p><p>Esperamos que esta web sea de su agrado y que el esfuerzo que ha representado su construcci\u00f3n sirva para resolver sus dudas y ayudarles en el cuidado diario de sus hijos.<\/p>\t\t\t\t\t<\/div>\n\t\t\t\t\t\t<\/div>\n\t\t\t\t<\/div>\n\t\t\t\t<div class=\"elementor-element elementor-element-6e57c0f elementor-widget elementor-widget-image\" data-id=\"6e57c0f\" data-element_type=\"widget\" data-widget_type=\"image.default\">\n\t\t\t\t<div class=\"elementor-widget-container\">\n\t\t\t\t\t\t\t\t<div class=\"elementor-image\">\n\t\t\t\t\t\t\t\t\t\t\t\t<img width=\"1024\" height=\"576\" src=\"https:\/\/infopediatria.net\/ibp\/wp-content\/uploads\/2019\/07\/DSC_4436x-1024x576.jpeg\" class=\"attachment-large size-large\" alt=\"\" loading=\"lazy\" srcset=\"https:\/\/infopediatria.net\/ibp\/wp-content\/uploads\/2019\/07\/DSC_4436x-1024x576.jpeg 1024w, https:\/\/infopediatria.net\/ibp\/wp-content\/uploads\/2019\/07\/DSC_4436x-300x169.jpeg 300w, https:\/\/infopediatria.net\/ibp\/wp-content\/uploads\/2019\/07\/DSC_4436x-768x432.jpeg 768w, https:\/\/infopediatria.net\/ibp\/wp-content\/uploads\/2019\/07\/DSC_4436x-158x88.jpeg 158w, https:\/\/infopediatria.net\/ibp\/wp-content\/uploads\/2019\/07\/DSC_4436x-418x235.jpeg 418w, https:\/\/infopediatria.net\/ibp\/wp-content\/uploads\/2019\/07\/DSC_4436x-1920x1080.jpeg 1920w, https:\/\/infopediatria.net\/ibp\/wp-content\/uploads\/2019\/07\/DSC_4436x-400x225.jpeg 400w, https:\/\/infopediatria.net\/ibp\/wp-content\/uploads\/2019\/07\/DSC_4436x-900x506.jpeg 900w, https:\/\/infopediatria.net\/ibp\/wp-content\/uploads\/2019\/07\/DSC_4436x-533x300.jpeg 533w, https:\/\/infopediatria.net\/ibp\/wp-content\/uploads\/2019\/07\/DSC_4436x-1200x675.jpeg 1200w, https:\/\/infopediatria.net\/ibp\/wp-content\/uploads\/2019\/07\/DSC_4436x.jpeg 2001w\" sizes=\"(max-width: 1024px) 100vw, 1024px\" \/>\t\t\t\t\t\t\t\t\t\t\t\t\t\t<\/div>\n\t\t\t\t\t\t<\/div>\n\t\t\t\t<\/div>\n\t\t\t\t\t\t<\/div>\n\t\t\t\t\t<\/div>\n\t\t<\/div>\n\t\t\t\t\t\t\t\t<\/div>\n\t\t\t\t\t<\/div>\n\t\t<\/section>\n\t\t\t\t<section class=\"elementor-section elementor-inner-section elementor-element elementor-element-n8cu10r elementor-section-boxed elementor-section-height-default elementor-section-height-default\" data-id=\"n8cu10r\" data-element_type=\"section\">\n\t\t\t\t\t\t<div class=\"elementor-container elementor-column-gap-no\">\n\t\t\t\t\t\t\t<div class=\"elementor-row\">\n\t\t\t\t\t<div class=\"elementor-column elementor-col-50 elementor-inner-column elementor-element elementor-element-6dvn67v elementor-invisible\" data-id=\"6dvn67v\" data-element_type=\"column\" data-settings=\"{&quot;animation&quot;:&quot;slideInLeft&quot;}\">\n\t\t\t<div class=\"elementor-column-wrap elementor-element-populated\">\n\t\t\t\t\t\t\t<div class=\"elementor-widget-wrap\">\n\t\t\t\t\t\t<div class=\"elementor-element elementor-element-yamcogj elementor-position-top elementor-vertical-align-top elementor-widget elementor-widget-image-box\" data-id=\"yamcogj\" data-element_type=\"widget\" data-widget_type=\"image-box.default\">\n\t\t\t\t<div class=\"elementor-widget-container\">\n\t\t\t<div class=\"elementor-image-box-wrapper\"><figure class=\"elementor-image-box-img\"><img width=\"50\" height=\"50\" src=\"https:\/\/infopediatria.net\/ibp\/wp-content\/uploads\/2017\/10\/icon-img-1.png\" class=\"attachment-full size-full\" alt=\"\" loading=\"lazy\" \/><\/figure><div class=\"elementor-image-box-content\"><h5 class=\"elementor-image-box-title\">Pediatras con experiencia<\/h5><p class=\"elementor-image-box-description\">Tu salud es tu activo m\u00e1s importante. Debes confiarlo solo a los mejores profesionales.<\/p><\/div><\/div>\t\t<\/div>\n\t\t\t\t<\/div>\n\t\t\t\t\t\t<\/div>\n\t\t\t\t\t<\/div>\n\t\t<\/div>\n\t\t\t\t<div class=\"elementor-column elementor-col-50 elementor-inner-column elementor-element elementor-element-x3z8dgy animated-fast elementor-invisible\" data-id=\"x3z8dgy\" data-element_type=\"column\" data-settings=\"{&quot;animation&quot;:&quot;slideInLeft&quot;}\">\n\t\t\t<div class=\"elementor-column-wrap elementor-element-populated\">\n\t\t\t\t\t\t\t<div class=\"elementor-widget-wrap\">\n\t\t\t\t\t\t<div class=\"elementor-element elementor-element-gawasry elementor-position-top elementor-vertical-align-top elementor-widget elementor-widget-image-box\" data-id=\"gawasry\" data-element_type=\"widget\" data-widget_type=\"image-box.default\">\n\t\t\t\t<div class=\"elementor-widget-container\">\n\t\t\t<div class=\"elementor-image-box-wrapper\"><figure class=\"elementor-image-box-img\"><img width=\"50\" height=\"50\" src=\"https:\/\/infopediatria.net\/ibp\/wp-content\/uploads\/2017\/10\/icon-img-2.png\" class=\"attachment-full size-full\" alt=\"\" loading=\"lazy\" \/><\/figure><div class=\"elementor-image-box-content\"><h5 class=\"elementor-image-box-title\">Tratamiento personalizado<\/h5><p class=\"elementor-image-box-description\">Las opciones de tratamiento se adaptan perfectamente a sus necesidades<\/p><\/div><\/div>\t\t<\/div>\n\t\t\t\t<\/div>\n\t\t\t\t\t\t<\/div>\n\t\t\t\t\t<\/div>\n\t\t<\/div>\n\t\t\t\t\t\t\t\t<\/div>\n\t\t\t\t\t<\/div>\n\t\t<\/section>\n\t\t\t\t<section class=\"elementor-section elementor-inner-section elementor-element elementor-element-k2fn2pl elementor-section-boxed elementor-section-height-default elementor-section-height-default\" data-id=\"k2fn2pl\" data-element_type=\"section\">\n\t\t\t\t\t\t<div class=\"elementor-container elementor-column-gap-no\">\n\t\t\t\t\t\t\t<div class=\"elementor-row\">\n\t\t\t\t\t<div class=\"elementor-column elementor-col-50 elementor-inner-column elementor-element elementor-element-78fnxd7 elementor-invisible\" data-id=\"78fnxd7\" data-element_type=\"column\" data-settings=\"{&quot;animation&quot;:&quot;slideInLeft&quot;}\">\n\t\t\t<div class=\"elementor-column-wrap elementor-element-populated\">\n\t\t\t\t\t\t\t<div class=\"elementor-widget-wrap\">\n\t\t\t\t\t\t<div class=\"elementor-element elementor-element-ljscnrr elementor-position-top elementor-vertical-align-top elementor-widget elementor-widget-image-box\" data-id=\"ljscnrr\" data-element_type=\"widget\" data-widget_type=\"image-box.default\">\n\t\t\t\t<div class=\"elementor-widget-container\">\n\t\t\t<div class=\"elementor-image-box-wrapper\"><figure class=\"elementor-image-box-img\"><img width=\"50\" height=\"50\" src=\"https:\/\/infopediatria.net\/ibp\/wp-content\/uploads\/2017\/10\/icon-img-3.png\" class=\"attachment-full size-full\" alt=\"\" loading=\"lazy\" \/><\/figure><div class=\"elementor-image-box-content\"><h5 class=\"elementor-image-box-title\">Calidad y seguridad<\/h5><p class=\"elementor-image-box-description\">Todos los miembros del equipo en el Centro M\u00e9dico han sido entrenados minuciosamente para ayudar en cualquier situaci\u00f3n.<\/p><\/div><\/div>\t\t<\/div>\n\t\t\t\t<\/div>\n\t\t\t\t\t\t<\/div>\n\t\t\t\t\t<\/div>\n\t\t<\/div>\n\t\t\t\t<div class=\"elementor-column elementor-col-50 elementor-inner-column elementor-element elementor-element-ke40n5y animated-fast elementor-invisible\" data-id=\"ke40n5y\" data-element_type=\"column\" data-settings=\"{&quot;animation&quot;:&quot;slideInLeft&quot;}\">\n\t\t\t<div class=\"elementor-column-wrap elementor-element-populated\">\n\t\t\t\t\t\t\t<div class=\"elementor-widget-wrap\">\n\t\t\t\t\t\t<div class=\"elementor-element elementor-element-iouhufx elementor-position-top elementor-vertical-align-top elementor-widget elementor-widget-image-box\" data-id=\"iouhufx\" data-element_type=\"widget\" data-widget_type=\"image-box.default\">\n\t\t\t\t<div class=\"elementor-widget-container\">\n\t\t\t<div class=\"elementor-image-box-wrapper\"><figure class=\"elementor-image-box-img\"><img width=\"50\" height=\"50\" src=\"https:\/\/infopediatria.net\/ibp\/wp-content\/uploads\/2017\/10\/icon-img-4.png\" class=\"attachment-full size-full\" alt=\"\" loading=\"lazy\" \/><\/figure><div class=\"elementor-image-box-content\"><h5 class=\"elementor-image-box-title\">Servicio Inmediato<\/h5><p class=\"elementor-image-box-description\">Su plan de tratamiento est\u00e1 dise\u00f1ado para un progreso constante, con cada fase implementada con prontitud.<\/p><\/div><\/div>\t\t<\/div>\n\t\t\t\t<\/div>\n\t\t\t\t\t\t<\/div>\n\t\t\t\t\t<\/div>\n\t\t<\/div>\n\t\t\t\t\t\t\t\t<\/div>\n\t\t\t\t\t<\/div>\n\t\t<\/section>\n\t\t\t\t\t\t<\/div>\n\t\t\t\t\t<\/div>\n\t\t<\/div>\n\t\t\t\t\t\t\t\t<\/div>\n\t\t\t\t\t<\/div>\n\t\t<\/section>\n\t\t\t\t<section class=\"elementor-section elementor-top-section elementor-element elementor-element-zdqh8sf elementor-section-content-middle elementor-section-boxed elementor-section-height-default elementor-section-height-default\" data-id=\"zdqh8sf\" data-element_type=\"section\" data-settings=\"{&quot;background_background&quot;:&quot;classic&quot;}\">\n\t\t\t\t\t\t<div class=\"elementor-container elementor-column-gap-default\">\n\t\t\t\t\t\t\t<div class=\"elementor-row\">\n\t\t\t\t\t<div class=\"elementor-column elementor-col-33 elementor-top-column elementor-element elementor-element-ydf885a\" data-id=\"ydf885a\" data-element_type=\"column\">\n\t\t\t<div class=\"elementor-column-wrap elementor-element-populated\">\n\t\t\t\t\t\t\t<div class=\"elementor-widget-wrap\">\n\t\t\t\t\t\t<div class=\"elementor-element elementor-element-8npzci7 elementor-widget elementor-widget-image\" data-id=\"8npzci7\" data-element_type=\"widget\" data-widget_type=\"image.default\">\n\t\t\t\t<div class=\"elementor-widget-container\">\n\t\t\t\t\t\t\t\t<div class=\"elementor-image\">\n\t\t\t\t\t\t\t\t\t\t\t\t<img width=\"98\" height=\"98\" src=\"https:\/\/infopediatria.net\/ibp\/wp-content\/uploads\/2017\/11\/about-img2.png\" class=\"attachment-full size-full\" alt=\"\" loading=\"lazy\" \/>\t\t\t\t\t\t\t\t\t\t\t\t\t\t<\/div>\n\t\t\t\t\t\t<\/div>\n\t\t\t\t<\/div>\n\t\t\t\t\t\t<\/div>\n\t\t\t\t\t<\/div>\n\t\t<\/div>\n\t\t\t\t<div class=\"elementor-column elementor-col-33 elementor-top-column elementor-element elementor-element-ulrkik5\" data-id=\"ulrkik5\" data-element_type=\"column\">\n\t\t\t<div class=\"elementor-column-wrap elementor-element-populated\">\n\t\t\t\t\t\t\t<div class=\"elementor-widget-wrap\">\n\t\t\t\t\t\t<div class=\"elementor-element elementor-element-z937p1p elementor-widget elementor-widget-heading\" data-id=\"z937p1p\" data-element_type=\"widget\" data-widget_type=\"heading.default\">\n\t\t\t\t<div class=\"elementor-widget-container\">\n\t\t\t<h3 class=\"elementor-heading-title elementor-size-default\">Tratamiento y atenci\u00f3n m\u00e9dica personalizada<\/h3>\t\t<\/div>\n\t\t\t\t<\/div>\n\t\t\t\t<div class=\"elementor-element elementor-element-7q42wyo elementor-widget elementor-widget-heading\" data-id=\"7q42wyo\" data-element_type=\"widget\" data-widget_type=\"heading.default\">\n\t\t\t\t<div class=\"elementor-widget-container\">\n\t\t\t<h5 class=\"elementor-heading-title elementor-size-default\">Contacta con nosotros para m\u00e1s informaci\u00f3n<\/h5>\t\t<\/div>\n\t\t\t\t<\/div>\n\t\t\t\t\t\t<\/div>\n\t\t\t\t\t<\/div>\n\t\t<\/div>\n\t\t\t\t<div class=\"elementor-column elementor-col-33 elementor-top-column elementor-element elementor-element-x2x9hnl\" data-id=\"x2x9hnl\" data-element_type=\"column\">\n\t\t\t<div class=\"elementor-column-wrap elementor-element-populated\">\n\t\t\t\t\t\t\t<div class=\"elementor-widget-wrap\">\n\t\t\t\t\t\t<div class=\"elementor-element elementor-element-gomhqm2 elementor-align-right elementor-tablet-align-left elementor-mobile-align-left elementor-widget elementor-widget-button\" data-id=\"gomhqm2\" data-element_type=\"widget\" data-widget_type=\"button.default\">\n\t\t\t\t<div class=\"elementor-widget-container\">\n\t\t\t\t\t<div class=\"elementor-button-wrapper\">\n\t\t\t<a href=\"http:\/\/infopediatria.net\/ibp\/contacto\/\" class=\"elementor-button-link elementor-button elementor-size-lg\" role=\"button\">\n\t\t\t\t\t\t<span class=\"elementor-button-content-wrapper\">\n\t\t\t\t\t\t<span class=\"elementor-button-text\">Contacto<\/span>\n\t\t<\/span>\n\t\t\t\t\t<\/a>\n\t\t<\/div>\n\t\t\t\t<\/div>\n\t\t\t\t<\/div>\n\t\t\t\t\t\t<\/div>\n\t\t\t\t\t<\/div>\n\t\t<\/div>\n\t\t\t\t\t\t\t\t<\/div>\n\t\t\t\t\t<\/div>\n\t\t<\/section>\n\t\t\t\t\t\t<\/div>\n\t\t\t\t\t\t<\/div>\n\t\t\t\t\t<\/div>\n\t\t","protected":false},"excerpt":{"rendered":"<p>Uno de los mejores centros de pediatr\u00eda de Mallorca Nuestra experiencia y nuestros cientos de pacientes nos avalan \u00bfPor qu\u00e9 elegir el Instituto Balear de Pediatr\u00eda? Proporcionamos atenci\u00f3n m\u00e9dica de la m\u00e1s alta calidad, tratamiento individualizado por m\u00e9dicos expertos y en el menor tiempo posible. El Instituto Balear de Pediatr\u00eda abre sus puertas el 16 &hellip;<\/p>\n","protected":false},"author":1,"featured_media":0,"parent":0,"menu_order":0,"comment_status":"closed","ping_status":"closed","template":"","meta":{"_mi_skip_tracking":false},"_links":{"self":[{"href":"https:\/\/infopediatria.net\/ibp\/wp-json\/wp\/v2\/pages\/8310"}],"collection":[{"href":"https:\/\/infopediatria.net\/ibp\/wp-json\/wp\/v2\/pages"}],"about":[{"href":"https:\/\/infopediatria.net\/ibp\/wp-json\/wp\/v2\/types\/page"}],"author":[{"embeddable":true,"href":"https:\/\/infopediatria.net\/ibp\/wp-json\/wp\/v2\/users\/1"}],"replies":[{"embeddable":true,"href":"https:\/\/infopediatria.net\/ibp\/wp-json\/wp\/v2\/comments?post=8310"}],"version-history":[{"count":24,"href":"https:\/\/infopediatria.net\/ibp\/wp-json\/wp\/v2\/pages\/8310\/revisions"}],"predecessor-version":[{"id":9073,"href":"https:\/\/infopediatria.net\/ibp\/wp-json\/wp\/v2\/pages\/8310\/revisions\/9073"}],"wp:attachment":[{"href":"https:\/\/infopediatria.net\/ibp\/wp-json\/wp\/v2\/media?parent=8310"}],"curies":[{"name":"wp","href":"https:\/\/api.w.org\/{rel}","templated":true}]}}